{"id":2355,"date":"2026-04-06T14:00:22","date_gmt":"2026-04-06T12:00:22","guid":{"rendered":"https:\/\/hotel.tribalt.agency\/?page_id=2355"},"modified":"2026-04-06T14:02:11","modified_gmt":"2026-04-06T12:02:11","slug":"alrededor-del-96","status":"publish","type":"page","link":"https:\/\/hotel96.com\/index.php\/es\/marsella-baby\/alrededor-del-96\/","title":{"rendered":"Alrededor del 96"},"content":{"rendered":"\t\t<div data-elementor-type=\"wp-page\" data-elementor-id=\"2355\" class=\"elementor elementor-2355\" data-elementor-post-type=\"page\">\n\t\t\t\t<div class=\"elementor-element elementor-element-533ce00 e-flex e-con-boxed e-con e-parent\" data-id=\"533ce00\" data-element_type=\"container\" data-e-type=\"container\" data-settings=\"{&quot;background_background&quot;:&quot;classic&quot;}\">\n\t\t\t\t\t<div class=\"e-con-inner\">\n\t\t\t\t<div class=\"elementor-element elementor-element-023ba44 elementor-widget elementor-widget-heading\" data-id=\"023ba44\" data-element_type=\"widget\" data-e-type=\"widget\" data-widget_type=\"heading.default\">\n\t\t\t\t\t<h2 class=\"elementor-heading-title elementor-size-default\">Alrededor del 96<\/h2>\t\t\t\t<\/div>\n\t\t\t\t\t<\/div>\n\t\t\t\t<\/div>\n\t\t<div class=\"elementor-element elementor-element-5b209668 e-flex e-con-boxed e-con e-parent\" data-id=\"5b209668\" data-element_type=\"container\" data-e-type=\"container\" data-settings=\"{&quot;background_background&quot;:&quot;classic&quot;}\">\n\t\t\t\t\t<div class=\"e-con-inner\">\n\t\t<div class=\"elementor-element elementor-element-32ae7557 e-con-full e-flex e-con e-child\" data-id=\"32ae7557\" data-element_type=\"container\" data-e-type=\"container\">\n\t\t\t\t<div class=\"elementor-element elementor-element-724522b elementor-widget elementor-widget-image\" data-id=\"724522b\" data-element_type=\"widget\" data-e-type=\"widget\" data-widget_type=\"image.default\">\n\t\t\t\t\t\t\t\t\t\t\t\t\t\t\t<img fetchpriority=\"high\" decoding=\"async\" width=\"800\" height=\"629\" src=\"https:\/\/hotel96.com\/wp-content\/uploads\/2026\/03\/sormiuo-1024x805.png\" class=\"attachment-large size-large wp-image-983\" alt=\"\" srcset=\"https:\/\/hotel96.com\/wp-content\/uploads\/2026\/03\/sormiuo-1024x805.png 1024w, https:\/\/hotel96.com\/wp-content\/uploads\/2026\/03\/sormiuo-300x236.png 300w, https:\/\/hotel96.com\/wp-content\/uploads\/2026\/03\/sormiuo-768x604.png 768w, https:\/\/hotel96.com\/wp-content\/uploads\/2026\/03\/sormiuo.png 1051w\" sizes=\"(max-width: 800px) 100vw, 800px\" \/>\t\t\t\t\t\t\t\t\t\t\t\t\t\t\t<\/div>\n\t\t\t\t<\/div>\n\t\t\t\t\t<\/div>\n\t\t\t\t<\/div>\n\t\t<div class=\"elementor-element elementor-element-b2eb505 e-flex e-con-boxed e-con e-parent\" data-id=\"b2eb505\" data-element_type=\"container\" data-e-type=\"container\" data-settings=\"{&quot;background_background&quot;:&quot;classic&quot;}\">\n\t\t\t\t\t<div class=\"e-con-inner\">\n\t\t\t\t<div class=\"elementor-element elementor-element-b572cda elementor-widget elementor-widget-text-editor\" data-id=\"b572cda\" data-element_type=\"widget\" data-e-type=\"widget\" data-widget_type=\"text-editor.default\">\n\t\t\t\t\t\t\t\t\t<p><strong>Pasearse por las alturas de Sormiou y Morgiou<\/strong><\/p><p>A s\u00f3lo 2 km del hotel se encuentra el aparcamiento de Morgiou, punto de partida de los senderos que llevan a Sormiou y Morgiou.<\/p><p>Un paseo de 45 minutos desde el aparcamiento te llevar\u00e1 a la calanque de Sormiou. Haz un bonito bucle hasta la meseta de Morgiou y descubre el lado oriental de las calanques. Si hace buen tiempo, podr\u00e1s ver hasta la Madrague des Lecques.<\/p><p>Sin bajar hasta las calanques, tambi\u00e9n puedes hacer un peque\u00f1o bucle en las alturas. El camino de fuego que une los dos puertos, Sormiou y Morgiou, ofrece una magn\u00edfica vista de las calanques a un lado y de la ciudad de Marsella al otro. Es un paseo suave que invita a la meditaci\u00f3n, sobre todo a primera hora, cuando todo est\u00e1 en calma y el cielo adquiere colores po\u00e9ticos.<\/p><p>Si te sientes deportista, puedes bajar hasta las playas de las calanques e incluso llegar hasta Sugiton o Marseilleveyre. En nuestro sal\u00f3n, encontrar\u00e1s una amplia colecci\u00f3n de libros y gu\u00edas para consultar, y el mapa IGN de las calanques est\u00e1 a la venta en nuestra tienda. La aplicaci\u00f3n Mes Calanques tambi\u00e9n podr\u00e1 ayudarte.<\/p><p>\u00a0<\/p><p><strong>Almorzar en la terraza de Chez Z\u00e9<\/strong><\/p><p>De vuelta al aparcamiento de Morgiou, est\u00e1 al lado de un popular restaurante local, una aut\u00e9ntica instituci\u00f3n marsellesa. Chez Z\u00e9 sirve pizzas a la le\u00f1a y especialidades provenzales en un ambiente acogedor. Un lugar ideal para comer en la terraza antes de volver a casa a dormir la siesta o disfrutar de la piscina del hotel.\u00a0<\/p><p>\u00a0<\/p><p><strong>Darse un chapuz\u00f3n en la playa<\/strong><\/p><p>El Bain des Dames, en el barrio de Montredon, es un buen lugar para darse un chapuz\u00f3n en el mar (a 15 minutos en bicicleta del hotel). Justo al lado, el Abricotier y las Sablettes (acceso por escaleras) son playas de arena donde se puede ir con los ni\u00f1os.<\/p><p>\u00a0<\/p><p><strong>Visitar el MAC y la Cit\u00e9 Radieuse<\/strong><\/p><p>El Museo de Arte Contempor\u00e1neo de Marsella se encuentra en el barrio de Bonneveine, entre el hotel y las playas. Est\u00e1 a s\u00f3lo 5 minutos en bicicleta del hotel.<\/p><p>Para un d\u00eda 100% arty, puedes combinar una visita al MAC con un recorrido por la Cit\u00e9 Radieuse de Le Corbusier, a s\u00f3lo 2 km.<\/p><p>\u00a0<\/p><p><strong>Ver un partido de f\u00fatbol en el m\u00edtico Estadio Vel\u00f3dromo<\/strong><\/p><p>\u00bfEst\u00e1s planeando un viaje al 96 para asistir a un acontecimiento en el Vel\u00f3dromo? \u00bfO tal vez quieras aprovechar su estancia en Marsella para visitar este legendario estadio? Para llegar desde el hotel, puedes tomar los autobuses 22 \u00f3 23, que paran a 400 metros de nosotros y te llevan directamente al estadio. Es un trayecto de 20 minutos sin atascos.<\/p><p>\u00a0<\/p><p><strong>Recorrido de 2 d\u00edas por el GR98-51 de Cassis a Marsella<\/strong><\/p><p>El tramo del GR 98-51 de Cassis a Marsella es un paseo impresionante por las calanques, que ofrece magn\u00edficos panoramas entre mar y monta\u00f1a. Puedes completar este itinerario en dos d\u00edas, con una parada en el H\u00f4tel 96. Una vez que salgas del parque, despu\u00e9s del Col de Morgiou, \u00a1tendr\u00e1s que caminar o coger el autob\u00fas durante 2 km para llegar al 96!\u00a0\u00a0<\/p>\t\t\t\t\t\t\t\t<\/div>\n\t\t\t\t\t<\/div>\n\t\t\t\t<\/div>\n\t\t<div class=\"elementor-element elementor-element-95ef9a3 e-flex e-con-boxed e-con e-parent\" data-id=\"95ef9a3\" data-element_type=\"container\" data-e-type=\"container\" data-settings=\"{&quot;background_background&quot;:&quot;classic&quot;}\">\n\t\t\t\t\t<div class=\"e-con-inner\">\n\t\t\t\t<div class=\"elementor-element elementor-element-9a28632 elementor-mobile-align-center elementor-align-center elementor-widget elementor-widget-button\" data-id=\"9a28632\" data-element_type=\"widget\" data-e-type=\"widget\" data-widget_type=\"button.default\">\n\t\t\t\t\t\t\t\t\t\t<a class=\"elementor-button elementor-button-link elementor-size-sm\" href=\"https:\/\/hotel96.com\/index.php\/es\/marsella-baby\/\">\n\t\t\t\t\t\t<span class=\"elementor-button-content-wrapper\">\n\t\t\t\t\t\t\t\t\t<span class=\"elementor-button-text\">Atr\u00e1s<\/span>\n\t\t\t\t\t<\/span>\n\t\t\t\t\t<\/a>\n\t\t\t\t\t\t\t\t<\/div>\n\t\t\t\t\t<\/div>\n\t\t\t\t<\/div>\n\t\t\t\t<\/div>\n\t\t","protected":false},"excerpt":{"rendered":"<p>Alrededor del 96 Pasearse por las alturas de Sormiou y Morgiou A s\u00f3lo 2 km del hotel se encuentra el aparcamiento de Morgiou, punto de partida de los senderos que llevan a Sormiou y Morgiou. Un paseo de 45 minutos desde el aparcamiento te llevar\u00e1 a la calanque de Sormiou. Haz un bonito bucle hasta [&hellip;]<\/p>\n","protected":false},"author":1,"featured_media":0,"parent":2323,"menu_order":0,"comment_status":"closed","ping_status":"closed","template":"","meta":{"footnotes":""},"class_list":["post-2355","page","type-page","status-publish","hentry"],"yoast_head":"<!-- This site is optimized with the Yoast SEO plugin v27.3 - https:\/\/yoast.com\/product\/yoast-seo-wordpress\/ -->\n<title>Alrededor del 96 - H\u00f4tel 96<\/title>\n<meta name=\"robots\" content=\"index, follow, max-snippet:-1, max-image-preview:large, max-video-preview:-1\" \/>\n<link rel=\"canonical\" href=\"https:\/\/hotel96.com\/index.php\/es\/marsella-baby\/alrededor-del-96\/\" \/>\n<meta property=\"og:locale\" content=\"fr_FR\" \/>\n<meta property=\"og:type\" content=\"article\" \/>\n<meta property=\"og:title\" content=\"Alrededor del 96 - H\u00f4tel 96\" \/>\n<meta property=\"og:description\" content=\"Alrededor del 96 Pasearse por las alturas de Sormiou y Morgiou A s\u00f3lo 2 km del hotel se encuentra el aparcamiento de Morgiou, punto de partida de los senderos que llevan a Sormiou y Morgiou. Un paseo de 45 minutos desde el aparcamiento te llevar\u00e1 a la calanque de Sormiou. Haz un bonito bucle hasta [&hellip;]\" \/>\n<meta property=\"og:url\" content=\"https:\/\/hotel96.com\/index.php\/es\/marsella-baby\/alrededor-del-96\/\" \/>\n<meta property=\"og:site_name\" content=\"H\u00f4tel 96\" \/>\n<meta property=\"article:publisher\" content=\"https:\/\/www.facebook.com\/Htel-96-301720049863669\/\" \/>\n<meta property=\"article:modified_time\" content=\"2026-04-06T12:02:11+00:00\" \/>\n<meta property=\"og:image\" content=\"https:\/\/hotel96.com\/wp-content\/uploads\/2026\/03\/sormiuo-1024x805.png\" \/>\n<meta name=\"twitter:card\" content=\"summary_large_image\" \/>\n<meta name=\"twitter:label1\" content=\"Dur\u00e9e de lecture estim\u00e9e\" \/>\n\t<meta name=\"twitter:data1\" content=\"3 minutes\" \/>\n<script type=\"application\/ld+json\" class=\"yoast-schema-graph\">{\"@context\":\"https:\\\/\\\/schema.org\",\"@graph\":[{\"@type\":\"WebPage\",\"@id\":\"https:\\\/\\\/hotel96.com\\\/index.php\\\/es\\\/marsella-baby\\\/alrededor-del-96\\\/\",\"url\":\"https:\\\/\\\/hotel96.com\\\/index.php\\\/es\\\/marsella-baby\\\/alrededor-del-96\\\/\",\"name\":\"Alrededor del 96 - H\u00f4tel 96\",\"isPartOf\":{\"@id\":\"https:\\\/\\\/hotel96.com\\\/#website\"},\"primaryImageOfPage\":{\"@id\":\"https:\\\/\\\/hotel96.com\\\/index.php\\\/es\\\/marsella-baby\\\/alrededor-del-96\\\/#primaryimage\"},\"image\":{\"@id\":\"https:\\\/\\\/hotel96.com\\\/index.php\\\/es\\\/marsella-baby\\\/alrededor-del-96\\\/#primaryimage\"},\"thumbnailUrl\":\"https:\\\/\\\/hotel96.com\\\/wp-content\\\/uploads\\\/2026\\\/03\\\/sormiuo-1024x805.png\",\"datePublished\":\"2026-04-06T12:00:22+00:00\",\"dateModified\":\"2026-04-06T12:02:11+00:00\",\"breadcrumb\":{\"@id\":\"https:\\\/\\\/hotel96.com\\\/index.php\\\/es\\\/marsella-baby\\\/alrededor-del-96\\\/#breadcrumb\"},\"inLanguage\":\"fr-FR\",\"potentialAction\":[{\"@type\":\"ReadAction\",\"target\":[\"https:\\\/\\\/hotel96.com\\\/index.php\\\/es\\\/marsella-baby\\\/alrededor-del-96\\\/\"]}]},{\"@type\":\"ImageObject\",\"inLanguage\":\"fr-FR\",\"@id\":\"https:\\\/\\\/hotel96.com\\\/index.php\\\/es\\\/marsella-baby\\\/alrededor-del-96\\\/#primaryimage\",\"url\":\"https:\\\/\\\/hotel96.com\\\/wp-content\\\/uploads\\\/2026\\\/03\\\/sormiuo.png\",\"contentUrl\":\"https:\\\/\\\/hotel96.com\\\/wp-content\\\/uploads\\\/2026\\\/03\\\/sormiuo.png\",\"width\":1051,\"height\":826},{\"@type\":\"BreadcrumbList\",\"@id\":\"https:\\\/\\\/hotel96.com\\\/index.php\\\/es\\\/marsella-baby\\\/alrededor-del-96\\\/#breadcrumb\",\"itemListElement\":[{\"@type\":\"ListItem\",\"position\":1,\"name\":\"Accueil\",\"item\":\"https:\\\/\\\/hotel96.com\\\/index.php\\\/fr\\\/accueil\\\/\"},{\"@type\":\"ListItem\",\"position\":2,\"name\":\"MARSELLA, BABY !!\",\"item\":\"https:\\\/\\\/hotel96.com\\\/index.php\\\/es\\\/marsella-baby\\\/\"},{\"@type\":\"ListItem\",\"position\":3,\"name\":\"Alrededor del 96\"}]},{\"@type\":\"WebSite\",\"@id\":\"https:\\\/\\\/hotel96.com\\\/#website\",\"url\":\"https:\\\/\\\/hotel96.com\\\/\",\"name\":\"H\u00f4tel 96 - Marseille\",\"description\":\"\",\"publisher\":{\"@id\":\"https:\\\/\\\/hotel96.com\\\/#organization\"},\"potentialAction\":[{\"@type\":\"SearchAction\",\"target\":{\"@type\":\"EntryPoint\",\"urlTemplate\":\"https:\\\/\\\/hotel96.com\\\/?s={search_term_string}\"},\"query-input\":{\"@type\":\"PropertyValueSpecification\",\"valueRequired\":true,\"valueName\":\"search_term_string\"}}],\"inLanguage\":\"fr-FR\"},{\"@type\":\"Organization\",\"@id\":\"https:\\\/\\\/hotel96.com\\\/#organization\",\"name\":\"H\u00f4tel 96 - Mareille\",\"url\":\"https:\\\/\\\/hotel96.com\\\/\",\"logo\":{\"@type\":\"ImageObject\",\"inLanguage\":\"fr-FR\",\"@id\":\"https:\\\/\\\/hotel96.com\\\/#\\\/schema\\\/logo\\\/image\\\/\",\"url\":\"https:\\\/\\\/hotel96.com\\\/wp-content\\\/uploads\\\/2025\\\/12\\\/logo.png\",\"contentUrl\":\"https:\\\/\\\/hotel96.com\\\/wp-content\\\/uploads\\\/2025\\\/12\\\/logo.png\",\"width\":278,\"height\":85,\"caption\":\"H\u00f4tel 96 - Mareille\"},\"image\":{\"@id\":\"https:\\\/\\\/hotel96.com\\\/#\\\/schema\\\/logo\\\/image\\\/\"},\"sameAs\":[\"https:\\\/\\\/www.facebook.com\\\/Htel-96-301720049863669\\\/\",\"https:\\\/\\\/www.instagram.com\\\/hotel_96\\\/\",\"https:\\\/\\\/www.tripadvisor.fr\\\/Hotel_Review-g187253-d3802131-Reviews-Hotel_96-Marseille_Bouches_du_Rhone_Provence_Alpes_Cote_d_Azur.html\",\"https:\\\/\\\/www.linkedin.com\\\/company\\\/hotel-96\\\/\"]}]}<\/script>\n<!-- \/ Yoast SEO plugin. -->","yoast_head_json":{"title":"Alrededor del 96 - H\u00f4tel 96","robots":{"index":"index","follow":"follow","max-snippet":"max-snippet:-1","max-image-preview":"max-image-preview:large","max-video-preview":"max-video-preview:-1"},"canonical":"https:\/\/hotel96.com\/index.php\/es\/marsella-baby\/alrededor-del-96\/","og_locale":"fr_FR","og_type":"article","og_title":"Alrededor del 96 - H\u00f4tel 96","og_description":"Alrededor del 96 Pasearse por las alturas de Sormiou y Morgiou A s\u00f3lo 2 km del hotel se encuentra el aparcamiento de Morgiou, punto de partida de los senderos que llevan a Sormiou y Morgiou. Un paseo de 45 minutos desde el aparcamiento te llevar\u00e1 a la calanque de Sormiou. Haz un bonito bucle hasta [&hellip;]","og_url":"https:\/\/hotel96.com\/index.php\/es\/marsella-baby\/alrededor-del-96\/","og_site_name":"H\u00f4tel 96","article_publisher":"https:\/\/www.facebook.com\/Htel-96-301720049863669\/","article_modified_time":"2026-04-06T12:02:11+00:00","og_image":[{"url":"https:\/\/hotel96.com\/wp-content\/uploads\/2026\/03\/sormiuo-1024x805.png","type":"","width":"","height":""}],"twitter_card":"summary_large_image","twitter_misc":{"Dur\u00e9e de lecture estim\u00e9e":"3 minutes"},"schema":{"@context":"https:\/\/schema.org","@graph":[{"@type":"WebPage","@id":"https:\/\/hotel96.com\/index.php\/es\/marsella-baby\/alrededor-del-96\/","url":"https:\/\/hotel96.com\/index.php\/es\/marsella-baby\/alrededor-del-96\/","name":"Alrededor del 96 - H\u00f4tel 96","isPartOf":{"@id":"https:\/\/hotel96.com\/#website"},"primaryImageOfPage":{"@id":"https:\/\/hotel96.com\/index.php\/es\/marsella-baby\/alrededor-del-96\/#primaryimage"},"image":{"@id":"https:\/\/hotel96.com\/index.php\/es\/marsella-baby\/alrededor-del-96\/#primaryimage"},"thumbnailUrl":"https:\/\/hotel96.com\/wp-content\/uploads\/2026\/03\/sormiuo-1024x805.png","datePublished":"2026-04-06T12:00:22+00:00","dateModified":"2026-04-06T12:02:11+00:00","breadcrumb":{"@id":"https:\/\/hotel96.com\/index.php\/es\/marsella-baby\/alrededor-del-96\/#breadcrumb"},"inLanguage":"fr-FR","potentialAction":[{"@type":"ReadAction","target":["https:\/\/hotel96.com\/index.php\/es\/marsella-baby\/alrededor-del-96\/"]}]},{"@type":"ImageObject","inLanguage":"fr-FR","@id":"https:\/\/hotel96.com\/index.php\/es\/marsella-baby\/alrededor-del-96\/#primaryimage","url":"https:\/\/hotel96.com\/wp-content\/uploads\/2026\/03\/sormiuo.png","contentUrl":"https:\/\/hotel96.com\/wp-content\/uploads\/2026\/03\/sormiuo.png","width":1051,"height":826},{"@type":"BreadcrumbList","@id":"https:\/\/hotel96.com\/index.php\/es\/marsella-baby\/alrededor-del-96\/#breadcrumb","itemListElement":[{"@type":"ListItem","position":1,"name":"Accueil","item":"https:\/\/hotel96.com\/index.php\/fr\/accueil\/"},{"@type":"ListItem","position":2,"name":"MARSELLA, BABY !!","item":"https:\/\/hotel96.com\/index.php\/es\/marsella-baby\/"},{"@type":"ListItem","position":3,"name":"Alrededor del 96"}]},{"@type":"WebSite","@id":"https:\/\/hotel96.com\/#website","url":"https:\/\/hotel96.com\/","name":"H\u00f4tel 96 - Marseille","description":"","publisher":{"@id":"https:\/\/hotel96.com\/#organization"},"potentialAction":[{"@type":"SearchAction","target":{"@type":"EntryPoint","urlTemplate":"https:\/\/hotel96.com\/?s={search_term_string}"},"query-input":{"@type":"PropertyValueSpecification","valueRequired":true,"valueName":"search_term_string"}}],"inLanguage":"fr-FR"},{"@type":"Organization","@id":"https:\/\/hotel96.com\/#organization","name":"H\u00f4tel 96 - Mareille","url":"https:\/\/hotel96.com\/","logo":{"@type":"ImageObject","inLanguage":"fr-FR","@id":"https:\/\/hotel96.com\/#\/schema\/logo\/image\/","url":"https:\/\/hotel96.com\/wp-content\/uploads\/2025\/12\/logo.png","contentUrl":"https:\/\/hotel96.com\/wp-content\/uploads\/2025\/12\/logo.png","width":278,"height":85,"caption":"H\u00f4tel 96 - Mareille"},"image":{"@id":"https:\/\/hotel96.com\/#\/schema\/logo\/image\/"},"sameAs":["https:\/\/www.facebook.com\/Htel-96-301720049863669\/","https:\/\/www.instagram.com\/hotel_96\/","https:\/\/www.tripadvisor.fr\/Hotel_Review-g187253-d3802131-Reviews-Hotel_96-Marseille_Bouches_du_Rhone_Provence_Alpes_Cote_d_Azur.html","https:\/\/www.linkedin.com\/company\/hotel-96\/"]}]}},"_links":{"self":[{"href":"https:\/\/hotel96.com\/index.php\/wp-json\/wp\/v2\/pages\/2355","targetHints":{"allow":["GET"]}}],"collection":[{"href":"https:\/\/hotel96.com\/index.php\/wp-json\/wp\/v2\/pages"}],"about":[{"href":"https:\/\/hotel96.com\/index.php\/wp-json\/wp\/v2\/types\/page"}],"author":[{"embeddable":true,"href":"https:\/\/hotel96.com\/index.php\/wp-json\/wp\/v2\/users\/1"}],"replies":[{"embeddable":true,"href":"https:\/\/hotel96.com\/index.php\/wp-json\/wp\/v2\/comments?post=2355"}],"version-history":[{"count":7,"href":"https:\/\/hotel96.com\/index.php\/wp-json\/wp\/v2\/pages\/2355\/revisions"}],"predecessor-version":[{"id":2366,"href":"https:\/\/hotel96.com\/index.php\/wp-json\/wp\/v2\/pages\/2355\/revisions\/2366"}],"up":[{"embeddable":true,"href":"https:\/\/hotel96.com\/index.php\/wp-json\/wp\/v2\/pages\/2323"}],"wp:attachment":[{"href":"https:\/\/hotel96.com\/index.php\/wp-json\/wp\/v2\/media?parent=2355"}],"curies":[{"name":"wp","href":"https:\/\/api.w.org\/{rel}","templated":true}]}}